{"id":95,"date":"2019-11-19T08:59:16","date_gmt":"2019-11-19T08:59:16","guid":{"rendered":"http:\/\/dairesanat.com\/?page_id=95"},"modified":"2020-02-05T12:23:29","modified_gmt":"2020-02-05T12:23:29","slug":"iletisim","status":"publish","type":"page","link":"https:\/\/dairesanat.com\/index.php\/iletisim\/","title":{"rendered":"\u0130LET\u0130\u015e\u0130M"},"content":{"rendered":"<p>[vc_row][vc_column width=&#8221;1\/4&#8243;][vc_single_image image=&#8221;5&#8243; img_size=&#8221;medium&#8221; alignment=&#8221;center&#8221;][\/vc_column][vc_column width=&#8221;3\/4&#8243;][vc_column_text]<strong>DA\u0130RE SANAT<\/strong><br \/>\nAkarsu Cad. \u015eim\u015firci Sok. Santral Apt. No. 11\/1<br \/>\nCihangir &#8211; Beyo\u011flu \/ \u0130stanbul<\/p>\n<p>T +90 212 252 52 77<\/p>\n<p>info@dairesanat.com<\/p>\n<p>Ziyaret Saatleri \/ Visiting Hours<br \/>\nSal\u0131 ve Cumartesi \/ Tuesday and Saturday\u00a0 11.00 &#8211; 18.00[\/vc_column_text][\/vc_column][\/vc_row]<\/p>\n","protected":false},"excerpt":{"rendered":"<p>[vc_row][vc_column width=&#8221;1\/4&#8243;][vc_single_image image=&#8221;5&#8243; img_size=&#8221;medium&#8221; alignment=&#8221;center&#8221;][\/vc_column][vc_column width=&#8221;3\/4&#8243;][vc_column_text]DA\u0130RE SANAT Akarsu Cad. \u015eim\u015firci Sok. Santral Apt. No. 11\/1 Cihangir &#8211; Beyo\u011flu \/ \u0130stanbul [&hellip;]<\/p>\n","protected":false},"author":2,"featured_media":0,"parent":0,"menu_order":0,"comment_status":"closed","ping_status":"closed","template":"","meta":[],"_links":{"self":[{"href":"https:\/\/dairesanat.com\/index.php\/wp-json\/wp\/v2\/pages\/95"}],"collection":[{"href":"https:\/\/dairesanat.com\/index.php\/wp-json\/wp\/v2\/pages"}],"about":[{"href":"https:\/\/dairesanat.com\/index.php\/wp-json\/wp\/v2\/types\/page"}],"author":[{"embeddable":true,"href":"https:\/\/dairesanat.com\/index.php\/wp-json\/wp\/v2\/users\/2"}],"replies":[{"embeddable":true,"href":"https:\/\/dairesanat.com\/index.php\/wp-json\/wp\/v2\/comments?post=95"}],"version-history":[{"count":6,"href":"https:\/\/dairesanat.com\/index.php\/wp-json\/wp\/v2\/pages\/95\/revisions"}],"predecessor-version":[{"id":830,"href":"https:\/\/dairesanat.com\/index.php\/wp-json\/wp\/v2\/pages\/95\/revisions\/830"}],"wp:attachment":[{"href":"https:\/\/dairesanat.com\/index.php\/wp-json\/wp\/v2\/media?parent=95"}],"curies":[{"name":"wp","href":"https:\/\/api.w.org\/{rel}","templated":true}]}}