{"id":419,"date":"2020-01-07T00:04:31","date_gmt":"2020-01-07T00:04:31","guid":{"rendered":"http:\/\/dairesanat.com\/?page_id=419"},"modified":"2020-01-07T00:06:58","modified_gmt":"2020-01-07T00:06:58","slug":"sema-kayaonu","status":"publish","type":"page","link":"https:\/\/dairesanat.com\/index.php\/sema-kayaonu\/","title":{"rendered":"Sema Kaya\u00f6n\u00fc"},"content":{"rendered":"<p>[vc_row][vc_column][vc_custom_heading text=&#8221;Sema Kaya\u00f6n\u00fc&#8221; font_container=&#8221;tag:h2|text_align:left|color:%23cf2065&#8243; use_theme_fonts=&#8221;yes&#8221;][\/vc_column][\/vc_row][vc_row][vc_column][vc_column_text css=&#8221;.vc_custom_1578355616688{margin-top: 25px !important;}&#8221;]<\/p>\n<h2>B\u0130ZE HER \u015eEY TANIDIK \/ EVERYTHING IS FAMILIAR TO US<\/h2>\n<p>&nbsp;<\/p>\n<h2>11 Eyl\u00fcl\u00a0<em>September\u00a0<\/em>\/ 18 Ekim\u00a0<em>October\u00a0<\/em>2014<\/h2>\n<p>&nbsp;<br \/>\n<img decoding=\"async\" loading=\"lazy\" class=\"alignnone size-full wp-image-421\" src=\"http:\/\/dairesanat.com\/wp-content\/uploads\/2020\/01\/araba.jpg\" alt=\"\" width=\"628\" height=\"480\" srcset=\"https:\/\/dairesanat.com\/wp-content\/uploads\/2020\/01\/araba.jpg 628w, https:\/\/dairesanat.com\/wp-content\/uploads\/2020\/01\/araba-300x229.jpg 300w\" sizes=\"(max-width: 628px) 100vw, 628px\" \/><\/p>\n<p>&nbsp;<\/p>\n<p><strong>B\u0130ZE HER \u015eEY TANIDIK<\/strong><\/p>\n<p><strong>Sema Kaya\u00f6n\u00fc<\/strong><\/p>\n<p><strong>11 Eyl\u00fcl \u2013 18 Ekim 2014 \/\/ Daire Galeri<\/strong><\/p>\n<p><strong>A\u00e7\u0131l\u0131\u015f \/ Opening: 11 Eyl\u00fcl \/\u00a0<em>September<\/em>\u00a018.00 &#8211; 20.00<\/strong><\/p>\n<p><strong>Sema Kaya\u00f6n\u00fc,\u00a0<em>\u201cBize Her \u015eey Tan\u0131d\u0131k\u201d<\/em>\u00a0isimli ilk ki\u015fisel sergisi ile 11 Eyl\u00fcl \u2013 18 Ekim 2014 tarihleri aras\u0131nda Daire Galeri\u2019de izleyici ile bulu\u015fuyor.<\/strong><\/p>\n<p>&#8220;Bize Her \u015eey Tan\u0131d\u0131k&#8221; isimli sergisinde, Sema Kaya\u00f6n\u00fc&#8217;n\u00fcn kent k\u00fclt\u00fcr\u00fcn\u00fc, kentli insan\u0131n ya\u015fam bi\u00e7imini anlatan karelerden olu\u015fan kolajlar\u0131 yer al\u0131yor. Sanat\u00e7\u0131, \u00e7al\u0131\u015fmalar\u0131nda, ka\u011f\u0131tlar\u0131n katmanla\u015farak olu\u015fturdu\u011fu \u00fc\u00e7 boyutlu etkileri ve malzemesi ile resimsel d\u00fczenin \u00f6tesine ge\u00e7erek, ya\u015fad\u0131\u011f\u0131m\u0131z k\u00fclt\u00fcr\u00fcn i\u015flevi ile bireylerin d\u0131\u015f d\u00fcnyadaki alg\u0131s\u0131na odaklan\u0131yor.<\/p>\n<p>Sema Kaya\u00f6n\u00fc, geleneksel sanatlar aras\u0131nda yer alan &#8220;kat\u0131&#8221; sanat\u0131na da g\u00f6ndermede bulunuyor ve ka\u011f\u0131t oyma sanat\u0131 olarak bilinen bu sanat\u0131 g\u00fcn\u00fcm\u00fcz\u00fcn \u00e7a\u011fda\u015f imkanlar\u0131 ile tekrar yorumluyor. Bir s\u00fcsleme sanat\u0131 olan kat\u0131&#8217;n\u0131n aksine s\u00fcsten uzak olduk\u00e7a yal\u0131n \u015fekilde ka\u011f\u0131t katmanlar\u0131 ile varolan bir fotografik g\u00f6r\u00fcnt\u00fcn\u00fcn kolaj\u0131n\u0131 olu\u015fturur. Sanat\u00e7\u0131,\u00a0sanatsal ifade bi\u00e7imi ile o malzemenin etkisini, dilini \u00e7\u00f6zmeyi hedefliyor. Sanat\u00e7\u0131n\u0131n sergide yer alan \u00e7al\u0131\u015fmalar\u0131,herkesin kolayl\u0131kla anlayabilece\u011fi g\u00f6rsellerden olu\u015fan, minimum renk, desen ve \u00e7izginin en yal\u0131n bi\u00e7imde i\u015flevsel sonuca ula\u015fmas\u0131n\u0131 ama\u00e7l\u0131yor.<\/p>\n<p>Sema Kaya\u00f6n\u00fc \u00e7al\u0131\u015fmalar\u0131nda, s\u00fcrekli bir ak\u0131\u015fta olan kent ve kentli \u00e7\u0131k\u0131\u015f noktas\u0131d\u0131r. Kentli insan\u0131n her g\u00fcn bir yenisi ile kar\u015f\u0131la\u015ft\u0131\u011f\u0131 end\u00fcstriyel ger\u00e7ekler, teknolojik yeniliklerden esinleniyor. &#8220;Bize Her \u015eey Tan\u0131d\u0131k&#8221; isimli sergide yer alan \u00e7al\u0131\u015fmalar\u0131nda, araba, u\u00e7ak, r\u00fczgar trib\u00fcn\u00fc, tren, \u00e7i\u00e7ek, yang\u0131n gibi al\u0131\u015f\u0131k oldu\u011fumuz kentsel imgeler yer al\u0131yor.\u00a0End\u00fcstrile\u015fmenin etkileriyle de\u011fi\u015fen ya\u015fam tarz\u0131m\u0131zda, bize \u00e7ok fazla se\u00e7ene\u011fin sunuldu\u011fu yan\u0131lg\u0131s\u0131yla asl\u0131nda pazarlanm\u0131\u015f \u00fcr\u00fcnler aras\u0131nda tercih yapt\u0131\u011f\u0131m\u0131z tek tip bir d\u00fcnya d\u00fczenine do\u011fru ilerliyoruz. \u00c7ok farkl\u0131 k\u00fclt\u00fcrlerin etkisinde eklektik bir ya\u015fam s\u00fcrerken diger taraftan da giderek ayn\u0131la\u015f\u0131yoruz.\u00a0Sanat\u00e7\u0131, g\u00fcnl\u00fck hayattan kareleri sosyal davran\u0131\u015f bi\u00e7imlerini, bize tan\u0131d\u0131k gelen g\u00f6r\u00fcnt\u00fclerle dikkat \u00e7ekiyor. Yeni i\u015flevsel g\u00f6revleri ile yeni malzemeleri, yeni teknoloji ve ideolojileriyle, h\u0131zla de\u011fi\u015fen bir toplumun, k\u00f6kle\u015fen modern dilini inceliyor.<\/p>\n<div>\n<p><strong>\u201cBize Her \u015eey Tan\u0131d\u0131k\u201d, 11 Eyl\u00fcl \u2013 18 Ekim 2014 tarihlerinde, Sal\u0131-Cumartesi g\u00fcnleri 11.00 \u2013 19.00 saatleri aras\u0131nda Daire Galeri&#8217;de g\u00f6r\u00fclebilir.<\/strong><\/p>\n<\/div>\n<p>[\/vc_column_text][\/vc_column][\/vc_row]<\/p>\n","protected":false},"excerpt":{"rendered":"<p>[vc_row][vc_column][vc_custom_heading text=&#8221;Sema Kaya\u00f6n\u00fc&#8221; font_container=&#8221;tag:h2|text_align:left|color:%23cf2065&#8243; use_theme_fonts=&#8221;yes&#8221;][\/vc_column][\/vc_row][vc_row][vc_column][vc_column_text css=&#8221;.vc_custom_1578355616688{margin-top: 25px !important;}&#8221;] B\u0130ZE HER \u015eEY TANIDIK \/ EVERYTHING IS FAMILIAR TO US &nbsp; 11 [&hellip;]<\/p>\n","protected":false},"author":2,"featured_media":0,"parent":0,"menu_order":0,"comment_status":"closed","ping_status":"closed","template":"","meta":[],"_links":{"self":[{"href":"https:\/\/dairesanat.com\/index.php\/wp-json\/wp\/v2\/pages\/419"}],"collection":[{"href":"https:\/\/dairesanat.com\/index.php\/wp-json\/wp\/v2\/pages"}],"about":[{"href":"https:\/\/dairesanat.com\/index.php\/wp-json\/wp\/v2\/types\/page"}],"author":[{"embeddable":true,"href":"https:\/\/dairesanat.com\/index.php\/wp-json\/wp\/v2\/users\/2"}],"replies":[{"embeddable":true,"href":"https:\/\/dairesanat.com\/index.php\/wp-json\/wp\/v2\/comments?post=419"}],"version-history":[{"count":2,"href":"https:\/\/dairesanat.com\/index.php\/wp-json\/wp\/v2\/pages\/419\/revisions"}],"predecessor-version":[{"id":422,"href":"https:\/\/dairesanat.com\/index.php\/wp-json\/wp\/v2\/pages\/419\/revisions\/422"}],"wp:attachment":[{"href":"https:\/\/dairesanat.com\/index.php\/wp-json\/wp\/v2\/media?parent=419"}],"curies":[{"name":"wp","href":"https:\/\/api.w.org\/{rel}","templated":true}]}}