{"id":399,"date":"2020-01-06T23:51:43","date_gmt":"2020-01-06T23:51:43","guid":{"rendered":"http:\/\/dairesanat.com\/?page_id=399"},"modified":"2020-01-06T23:53:31","modified_gmt":"2020-01-06T23:53:31","slug":"lebriz-rona","status":"publish","type":"page","link":"https:\/\/dairesanat.com\/index.php\/lebriz-rona\/","title":{"rendered":"Lebriz Rona"},"content":{"rendered":"<p>[vc_row][vc_column][vc_custom_heading text=&#8221;Lebriz Rona&#8221; font_container=&#8221;tag:h2|text_align:left|color:%23cf2065&#8243; use_theme_fonts=&#8221;yes&#8221;][\/vc_column][\/vc_row][vc_row][vc_column][vc_column_text]<\/p>\n<h2>Ta\u015f\u0131nan Ev \/ <em>Transported House<\/em><\/h2>\n<p>&nbsp;<\/p>\n<h3><img decoding=\"async\" loading=\"lazy\" class=\"alignnone size-full wp-image-401\" src=\"http:\/\/dairesanat.com\/wp-content\/uploads\/2020\/01\/ask-1web_anasayfa.jpg\" alt=\"\" width=\"369\" height=\"400\" srcset=\"https:\/\/dairesanat.com\/wp-content\/uploads\/2020\/01\/ask-1web_anasayfa.jpg 369w, https:\/\/dairesanat.com\/wp-content\/uploads\/2020\/01\/ask-1web_anasayfa-277x300.jpg 277w\" sizes=\"(max-width: 369px) 100vw, 369px\" \/><\/h3>\n<p>&nbsp;<\/p>\n<h3>10 \u015eubat\u00a0<em>Feb<\/em>\u00a0&#8211; 5 Mart\u00a0<em>Mar<\/em>\u00a02011<\/h3>\n<p><strong>Lebriz Rona, 10 \u015eubat &#8211; 5 Mart tarihleri aras\u0131nda &#8220;Ta\u015f\u0131nan Ev&#8221; isimli yeni ki\u015fisel sergisi ile Daire Tophane&#8217;de.<\/strong><\/p>\n<p>Mek\u00e2n ve mimari ile do\u011frudan ili\u015fki i\u00e7ine giren i\u015fler \u00fcreten ve bu yolla i\u00e7inde bulundu\u011fumuz ya\u015fam alanlar\u0131n\u0131 sorgulayan Lebriz Rona\u2019n\u0131n \u00e7al\u0131\u015fmalar\u0131n\u0131n temelinde, g\u00f6rmeye al\u0131\u015f\u0131k oldu\u011fumuz mek\u00e2nlara y\u00f6nelik farkl\u0131 alg\u0131 durumlar\u0131n\u0131 ortaya \u00e7\u0131karmak, di\u011fer bir deyi\u015fle mek\u00e2nlar\u0131 alg\u0131lama al\u0131\u015fkanl\u0131klar\u0131m\u0131z\u0131 yerinden oynatmak fikri esast\u0131r. Bunu ele ald\u0131\u011f\u0131 mek\u00e2n\u0131n kendi verilerinden yola \u00e7\u0131karak ger\u00e7ekle\u015ftiren Rona, mek\u00e2na ta\u015f\u0131d\u0131\u011f\u0131 d\u0131\u015far\u0131dan m\u00fcdahaleler ile mek\u00e2n\u0131n kendisi aras\u0131nda olu\u015facak olas\u0131 diyaloglar\u0131 \u00f6zellikle \u00f6nemser. Ancak mek\u00e2na en aza indirgenmi\u015f m\u00fcdahalelerde bulunan ve b\u00f6ylece mek\u00e2na sonradan konumlanan\u0131n onu do\u011frudan ele ge\u00e7irmesine f\u0131rsat vermeyen sanat\u00e7\u0131 i\u00e7in, hem m\u00fcdahalelerinin hem de bizzat mek\u00e2n\u0131n kendisinin tekilli\u011fi, aradaki diyalog ve i\u00e7 i\u00e7e ge\u00e7i\u015f kadar \u00f6nceliklidir.<\/p>\n<p>10 \u015eubat tarihinde a\u00e7\u0131lacak olan \u201cTa\u015f\u0131nan Ev\u201d adl\u0131 sergisinde Lebriz Rona, kendi ta\u015f\u0131nma deneyiminden yola \u00e7\u0131karak odakland\u0131\u011f\u0131 ta\u015f\u0131nman\u0131n en do\u011frudan arac\u0131 olan koli kutular\u0131n\u0131, en yal\u0131n bi\u00e7imde ta\u015f\u0131nman\u0131n ve evin bir metaforu haline d\u00f6n\u00fc\u015ft\u00fcr\u00fcyor. Burada ta\u015f\u0131nan ev, koli kutular\u0131yla \u00f6zde\u015fle\u015fen bir ger\u00e7eklik olarak ele al\u0131n\u0131rken mek\u00e2n, art\u0131k koli kutular\u0131n\u0131n kendisi haline d\u00f6n\u00fc\u015f\u00fcyor. Kutuyu a\u00e7arak d\u00fcz bir sat\u0131h haline getiren Rona, ne kutuyu ne de \u00fczerinde ger\u00e7ekle\u015ftirdi\u011fi imgeleri \u00f6n plana \u00e7\u0131kar\u0131r. Aksine o, b\u00fct\u00fcnl\u00fc\u011f\u00fc ve anlamsal ba\u011flamda yer de\u011fi\u015ftirmeyi ya da yerine ge\u00e7meyi sorunsalla\u015ft\u0131r\u0131yor. \u00d6yle ki art\u0131k kutular\u0131n, \u201cta\u015f\u0131nma\u201d kavram\u0131n\u0131 \u00fcstlendi\u011fi bir d\u00fczlemde ev mi kutular\u0131n i\u00e7inde, yoksa ta\u015f\u0131nma s\u0131ras\u0131nda g\u00f6t\u00fcrd\u00fc\u011f\u00fcm\u00fcz kutular m\u0131 evin kendisi karar vermek g\u00fc\u00e7t\u00fcr. Lebriz Rona\u2019n\u0131n ele ald\u0131\u011f\u0131 nesneleri basit yolla ama kavramsal bir boyut katarak d\u00f6n\u00fc\u015ft\u00fcrd\u00fc\u011f\u00fc, ev ve ta\u015f\u0131nma odakl\u0131 \u201cTa\u015f\u0131nan Ev\u201d sergisi 5 Mart tarihine kadar Daire\u2019de g\u00f6r\u00fclebilir.<\/p>\n<p>\u201cTa\u015f\u0131nan Ev\u201d , 10 \u015eubat &#8211; 5 Mart 2011 tarihlerinde Sal\u0131 &#8211; Cumartesi 11.00 &#8211; 19.00 aras\u0131 DA\u0130RE Tophane&#8217;de izlenebilir.<\/p>\n<p>Yer: DA\u0130RE<br \/>\nSergi:\u00a0<strong>\u201cTa\u015f\u0131nan Ev\u201d<\/strong><br \/>\nSanat\u00e7\u0131:\u00a0<strong>Lebriz Rona<\/strong><\/p>\n<p><strong>A\u00e7\u0131l\u0131\u015f: 10 \u015eubat 2011 Per\u015fembe @ 18.00<\/strong><br \/>\nAdres: Bo\u011fazkesen Cad No:65D Tophane 34433 Beyo\u011flu \u0130stanbul<br \/>\nTel: 0 212 252 52 59<br \/>\n<a href=\"http:\/\/www.dairesanat.com\/\" target=\"_blank\" rel=\"noopener noreferrer\">www.dairesanat.com<\/a><br \/>\n<a href=\"mailto:info@dairesanat.com\" target=\"_blank\" rel=\"noopener noreferrer\">info@dairesanat.com<\/a>[\/vc_column_text][\/vc_column][\/vc_row]<\/p>\n","protected":false},"excerpt":{"rendered":"<p>[vc_row][vc_column][vc_custom_heading text=&#8221;Lebriz Rona&#8221; font_container=&#8221;tag:h2|text_align:left|color:%23cf2065&#8243; use_theme_fonts=&#8221;yes&#8221;][\/vc_column][\/vc_row][vc_row][vc_column][vc_column_text] Ta\u015f\u0131nan Ev \/ Transported House &nbsp; &nbsp; 10 \u015eubat\u00a0Feb\u00a0&#8211; 5 Mart\u00a0Mar\u00a02011 Lebriz Rona, 10 \u015eubat [&hellip;]<\/p>\n","protected":false},"author":2,"featured_media":0,"parent":0,"menu_order":0,"comment_status":"closed","ping_status":"closed","template":"","meta":[],"_links":{"self":[{"href":"https:\/\/dairesanat.com\/index.php\/wp-json\/wp\/v2\/pages\/399"}],"collection":[{"href":"https:\/\/dairesanat.com\/index.php\/wp-json\/wp\/v2\/pages"}],"about":[{"href":"https:\/\/dairesanat.com\/index.php\/wp-json\/wp\/v2\/types\/page"}],"author":[{"embeddable":true,"href":"https:\/\/dairesanat.com\/index.php\/wp-json\/wp\/v2\/users\/2"}],"replies":[{"embeddable":true,"href":"https:\/\/dairesanat.com\/index.php\/wp-json\/wp\/v2\/comments?post=399"}],"version-history":[{"count":2,"href":"https:\/\/dairesanat.com\/index.php\/wp-json\/wp\/v2\/pages\/399\/revisions"}],"predecessor-version":[{"id":402,"href":"https:\/\/dairesanat.com\/index.php\/wp-json\/wp\/v2\/pages\/399\/revisions\/402"}],"wp:attachment":[{"href":"https:\/\/dairesanat.com\/index.php\/wp-json\/wp\/v2\/media?parent=399"}],"curies":[{"name":"wp","href":"https:\/\/api.w.org\/{rel}","templated":true}]}}